= -2*j - 31, -6 = 3*j. Let m(b) = -4*b**2 - 124*b - 14. List the prime factors of m(w).
2, 7, 47
Let f = 6688 + 3945. What are the prime factors of f?
7, 31
Suppose -7*t + 11*t = 4*l + 52, 15 = 3*t + 5*l. Let z(w) = 4*w**2 - 4*w - 38. What are the prime factors of z(t)?
2, 7, 23
Let j = 23081 - 11798. What are the prime factors of j?
3, 3761
Let y(g) = -2318*g**2 + 4*g + 22. Let q be y(-5). What are the prime factors of ((-2)/(-3) - 0) + q/(-99)?
2, 293
Suppose 6 = -d + 4*d. Let r be (-6)/d + (-15)/(-5). Suppose 5*w + 5*a - 125 = r, -5*a + 35 = 2*w - 0*w. What are the prime factors of w?
2, 3, 5
Let d = -10319 + 31367. List the prime factors of d.
2, 3, 877
Suppose 0 = 4*d + 16, 2*c + 2*c = -4*d + 32. Let x be ((-15)/(-4))/(c/32). Suppose 0*q - 850 = -x*q. List the prime factors of q.
5, 17
List the prime factors of ((-6)/(-8))/(33/220)*(-17403)/(-3).
5, 5801
Let y = 59 - 65. Let j be 33*1*(-4)/y. Suppose r - j = 31. List the prime factors of r.
53
Suppose 5*q - 109 - 179 = 4*a, 0 = 5*q - 2*a - 284. Let z(p) = 12*p - q*p - 14 - 2 + 8. What are the prime factors of z(-3)?
2, 31
Let w(d) be the third derivative of -3*d**6/20 + d**5/60 - d**4/3 - 13*d**3/6 + 2*d**2 + 38*d. What are the prime factors of w(-4)?
1187
Let d be (-12)/8 - 7/14. List the prime factors of d/4 + 39701/74.
2, 67
Let s(r) = -r**3 - 8*r**2 + 3*r + 42. Let x be s(-7). Let u be (1/(-2) - -1)*2. What are the prime factors of (-225)/2*(x/12 + u)?
2, 3, 5
Suppose 0 = k + 4*k + 25, -5*k - 41 = -2*j. Let h be 1/((-1)/j) - (1 + 0). Let w(i) = -i**3 - 8*i**2 + 4*i + 13. What are the prime factors of w(h)?
2, 29
What are the prime factors of 18 + (37705 - -14) + (4 - 1)?
2, 3, 5, 17, 37
Suppose -2*y = 5*d - 35, -5*y + 4*d + 71 = -0*d. Suppose 0 = 3*i + y - 30. What are the prime factors of 386/5 + i/(-25)?
7, 11
Suppose 2230*n - 2315*n + 241400 = 0. What are the prime factors of n?
2, 5, 71
Suppose -4*y + y = -12. Suppose -5*q - y*v - 432 = 0, 0*q + 266 = -3*q + v. Let c = 235 + q. List the prime factors of c.
3, 7
Suppose 0 = 5*s + 5 + 20. Let b(k) = -k + 3. Let c be b(s). Suppose 3*j + 265 = c*j. List the prime factors of j.
53
Suppose 5*i + 160114 = 33*i - 187310. List the prime factors of i.
2, 3, 11, 47
Let m(a) = 6*a**2 + 3*a + 27. Suppose -3*c + 4*c = 3. Let u(g) = -3*g**2 - 2*g - 14. Let s(h) = c*m(h) + 5*u(h). What are the prime factors of s(-5)?
7, 13
Let b = -995 - 1152. Let l = b - -3665. List the prime factors of l.
2, 3, 11, 23
Let l(w) = 87*w**2 + 32*w + 359. What are the prime factors of l(-10)?
3, 971
Suppose -4*u = -5*y + 1515, u + 1201 = y + 3*y. Let o be 2/(-1*2)*197. Let k = y + o. What are the prime factors of k?
2, 3, 17
Let p be 18/(-63) - ((-606)/14 - -2). Suppose -42*m + 605 = -p*m. What are the prime factors of m?
5, 11
Let b = 178 - 18. Suppose -n = -156 - b. What are the prime factors of n?
2, 79
Let j(x) be the first derivative of -x**4/4 - 7*x**3/3 - 3*x**2/2 - x + 9. Let m be j(-5). What are the prime factors of (m/2)/((-6)/4)?
2, 3
Suppose -3*i = 6, 5*i + 7 = -w + i. Let l be (w - -1)*(-7)/(-14). What are the prime factors of ((-56)/(-20))/(l/30)?
2, 3, 7
Suppose -122*g + 257*g - 127*g = 135016. List the prime factors of g.
7, 2411
Let d(r) = 4*r + 13. Let i = 54 + -17. Let n = 44 - i. List the prime factors of d(n).
41
Let n be 3*(-3 + 15/9). Let p be -1 + (4/n - -4). Suppose -4*j = -3*j - p*t - 51, -2*t - 145 = -3*j. What are the prime factors of j?
47
Let x(u) = -3*u - 9. Let m be x(-4). Suppose -21*b + 25*b + 4*a - 736 = 0, m*b - 532 = a. List the prime factors of b.
179
Let z = -85 + 86. List the prime factors of (438 - (-17 + 11))/(z + 0).
2, 3, 37
Suppose 50663 = 5*d + 2*t, 1650 = d + 2*t - 8473. List the prime factors of d.
5, 2027
Suppose -q + 8*a = 4*a - 28, -2*q + 3*a + 31 = 0. Let o be ((-5)/3)/(q/(-96)). Suppose 3*j = u + 119, 5*u + 43 = j - o. List the prime factors of j.
2, 19
Let d(h) = -42 + 1 + 50*h - 43 - 107*h. What are the prime factors of d(-6)?
2, 3, 43
Let j = 3759 - -15744. What are the prime factors of j?
3, 11, 197
Let o = -6566 - -15774. List the prime factors of o.
2, 1151
Let i(s) = 6*s - 35. Let d be i(6). What are the prime factors of (22 - 18) + -521*(-2 + d)?
3, 5, 7
Suppose -3*k + 3*c = 39 - 0, -2*k - 31 = -c. Let h = -6 - k. Suppose 14*f = h*f + 12. List the prime factors of f.
2, 3
Suppose 0 = -2*u + 3*h + 8, -4*u + 18 = -0*u - 5*h. Suppose -9*m = -u*m - 20. Suppose 284 + 246 = m*q. What are the prime factors of q?
53
Let n be (4 - 28/8)*0. Suppose 36 + n = 4*w. What are the prime factors of 3 + (w/27)/(2/6)?
2
Let c = -1960 - -3264. Suppose 2*d = 4*g - c, -2*g + 1629 = 3*g - 2*d. List the prime factors of g.
5, 13
Suppose 0 = -8*g + 418 + 182. Suppose 19*z - 3552 = -g. List the prime factors of z.
3, 61
Let a(b) = 84*b - 409. Let v be a(30). Let o = v + -1162. List the prime factors of o.
13, 73
Suppose 3*x = 59 - 26. Let b(o) = 2*o**2 - 4*o + 29. List the prime factors of b(x).
227
List the prime factors of (171/(-38))/(-3) + 5998/4.
19, 79
What are the prime factors of -25 + 44 - 15668/(-4)?
2, 3, 41
Let l(v) = v**2 - 3*v - 2. Let r be l(-2). Let m(x) = 96*x + 145. What are the prime factors of m(r)?
11, 83
Let u = -180 + 186. Suppose 9*w = 3*o + u*w - 768, 0 = o - 4*w - 247. List the prime factors of o.
7, 37
Let j be 5148/54 - (-2)/3. Let o = j - -247. List the prime factors of o.
7
Let t(q) be the first derivative of 2*q**3/3 + 8*q**2 + 10*q + 1. Let f = -3280 + 3269. List the prime factors of t(f).
2, 19
Let n(o) = 39 - 5*o - 2*o**3 + 12*o**2 + 0 - o + o**3. Let m be n(11). Let f = 144 - m. What are the prime factors of f?
2, 5
Let y = 703 - 711. Let g(q) = -4*q**3 - 9*q**2 - 8*q + 2. What are the prime factors of g(y)?
2, 769
Let x = 18 + -12. Suppose -2*z = -w + 7, -2*w - 2*z = x - 26. Let b = w + 95. List the prime factors of b.
2, 13
Let s = -13 + 8. Let b be 0/(-1)*s/(-15). Suppose -5*h + 20 + b = 0, 2*h - 833 = -5*g. What are the prime factors of g?
3, 5, 11
Suppose 175 = 20*r - 13*r. Suppose 0 = 3*b - r - 200. What are the prime factors of b?
3, 5
Let w be -2 + ((-76)/1 - 5). Let z = w + 85. Suppose -20 = -2*h - z. List the prime factors of h.
3
Suppose 4*p - 2*j = 1156, -p + 286 = -2*j - 0*j. List the prime factors of ((-1044)/p)/((-2)/185).
3, 37
Let k be 8/((-4)/(-1)) + -31. Let c = 33 + k. Suppose 5*z - c*z = 170. List the prime factors of z.
2, 5, 17
Let h(o) = 2*o**2 - 8*o - 157. Let d be h(-8). Suppose 31*l - d*l + 1604 = 2*i, 2*i - 1612 = -2*l. What are the prime factors of i?
2, 3, 5
Suppose 7*y + 54 + 23 = 0. What are the prime factors of (-80 - y)/(1/(-2))?
2, 3, 23
Let g(f) = -85 - 6*f + 2*f**2 - f**2 + 73. Let y be g(6). What are the prime factors of ((-122)/y)/((-10)/(-60))?
61
Suppose f = -3*x + 17, -5*x + 7 = -4*f + 5*f. Suppose 29*t - f*t = -1176. List the prime factors of t.
2, 7
Let k = 254 + -380. Let a = k + 367. Suppose -a - 25 = -7*u. What are the prime factors of u?
2, 19
Let c = 222 + -222. Suppose c = 4*l + 2*j - 906, 12*l - 8*l + 5*j = 909. What are the prime factors of l?
2, 113
Let f = -332 - -542. Suppose 5*j = f + 255. What are the prime factors of j?
3, 31
Let r be (21 + 0)/((-2)/(-68)*3). Let b = -48 + r. Suppose -3*h + 4*d + b = 0, -6*h + 5*d = -3*h - 185. What are the prime factors of h?
2, 5, 7
Let g(k) be the third derivative of -k**4/8 - 9*k**3/2 + 28*k**2. Let r be g(-7). List the prime factors of ((-170)/(-8))/(r/(-24)).
5, 17
What are the prime factors of (10525 + -833)/((-2)/(-12))?
2, 3, 2423
Suppose -158 = -10*x + 62. Suppose 0 = -x*t + 13*t + 1782. What are the prime factors of t?
2, 3, 11
Let d = 25036 - 16831. What are the prime factors of d?
3, 5, 547
Let a = 20 + -2. Let g be 3/(a/(-8))*3/(-4). What are the prime factors of (g/2)/(11/946) + 3?
2, 23
Let n(j) = -86*j**2 - 4*j - 12. Let r be n(-2). Let l = r - -844. List the prime factors of l.
2, 31
Let m = -275 - -404. Suppose -3*t + 27 = 3*v, 4 = 2*v - 2. Suppose -5*c + m + t = 0. What are the prime factors of c?
3
Let f(a) = -65*a - 68. Let u be f(-26). Suppose -2678 - u = -5*q. What are the prime factors of q?
2, 5, 43
Suppose 2*g + s - 18 = 0, -2*g + 16 = -s - 6. Let d(q) = -2*q**3 + 30*q**2 + 14*q - 7. What are the prime factors of d(g)?
11, 103
Let f(r) be the first derivative of 2*r**3/3 + 13